{"id":21131,"date":"2018-05-03T17:09:41","date_gmt":"2018-05-03T17:09:41","guid":{"rendered":"http:\/\/desenic.com\/jiafa\/?page_id=21131"},"modified":"2018-05-03T17:09:41","modified_gmt":"2018-05-03T17:09:41","slug":"%e5%ae%89%e5%a4%a7%e7%95%a5%e7%9c%81%e7%95%99%e5%ad%a6%e7%94%9f%e7%b1%bb%e9%9b%87%e4%b8%bb%e6%8f%90%e5%90%8d%e7%a7%bb%e6%b0%91%e9%a1%b9%e7%9b%ae%e5%90%88%e6%a0%bc%e5%ad%a6%e6%a0%a1%e5%90%8d%e5%8d%95","status":"publish","type":"page","link":"http:\/\/desenic.com\/jiafa\/%e7%a7%bb%e6%b0%91%e7%95%99%e5%ad%a6%e9%a1%b9%e7%9b%ae\/%e5%ae%89%e5%a4%a7%e7%95%a5%e7%9c%81%e6%8f%90%e5%90%8d%e7%a7%bb%e6%b0%91-ontario-immigrant-nominee-programs\/%e5%ae%89%e5%a4%a7%e7%95%a5%e7%9c%81%e7%95%99%e5%ad%a6%e7%94%9f%e7%b1%bb%e9%9b%87%e4%b8%bb%e6%8f%90%e5%90%8d%e7%a7%bb%e6%b0%91%e9%a1%b9%e7%9b%ae%e5%90%88%e6%a0%bc%e5%ad%a6%e6%a0%a1%e5%90%8d%e5%8d%95\/","title":{"rendered":"\u5b89\u5927\u7565\u7701\u7559\u5b66\u751f\u7c7b\u96c7\u4e3b\u63d0\u540d\u79fb\u6c11\u9879\u76ee\u5408\u683c\u5b66\u6821\u540d\u5355"},"content":{"rendered":"<div class=\"page-title-head hgroup\">\n<h1>\u5b89\u5927\u7565\u7701\u7559\u5b66\u751f\u7c7b\u96c7\u4e3b\u63d0\u540d\u79fb\u6c11\u9879\u76ee\u5408\u683c\u5b66\u6821\u540d\u5355<\/h1>\n<\/div>\n<div id=\"main\" class=\"sidebar-left sidebar-divider-vertical\">\n<div class=\"main-gradient\"><\/div>\n<div class=\"wf-wrap\">\n<div class=\"wf-container-main\">\n<div id=\"content\" class=\"content\" role=\"main\">\n<div class=\"vc_row wpb_row vc_row-fluid\">\n<div class=\"wpb_column vc_column_container vc_col-sm-12\">\n<div class=\"vc_column-inner \">\n<div class=\"wpb_wrapper\">\n<div class=\"wpb_text_column wpb_content_element \">\n<div class=\"wpb_wrapper\">\n<ul>\n<li style=\"list-style-type: none;\">\n<ul>\n<li style=\"list-style-type: none;\">\n<ul>\n<li>Ontario Colleges and Universities\n<ul>\n<li>Colleges\n<ul>\n<li>Algonquin College<\/li>\n<li>Cambrian College<\/li>\n<li>Canadore College<\/li>\n<li>Centennial College<\/li>\n<li>Coll\u00e8ge Bor\u00e9al<\/li>\n<li>Conestoga College Institute of Technology and Advanced Learning<\/li>\n<li>Confederation College<\/li>\n<li>Durham College of Applied Arts and Technology<\/li>\n<li>Fanshawe College of Applied Arts and Technology<\/li>\n<li>Fleming College (Peterborough)<\/li>\n<li>George Brown College of Applied Arts and Technology<\/li>\n<li>Georgian College of Applied Arts and Technology<\/li>\n<li>Humber College Institute of Technology and Advanced Learning<\/li>\n<li>La Cit\u00e9 coll\u00e9giale<\/li>\n<li>Lambton College of Applied Arts and Technology<\/li>\n<li>Loyalist College of Applied Arts and Technology<\/li>\n<li>Mohawk College of Applied Arts and Technology<\/li>\n<li>Niagara College of Applied Arts and Technology<\/li>\n<li>Northern College of Applied Arts and Technology<\/li>\n<li>Ontario College of Art and Design<\/li>\n<li>Sault College of Applied Arts and Technology<\/li>\n<li>Seneca College of Applied Arts and Technology<\/li>\n<li>Sheridan College of Applied Arts and Technology<\/li>\n<li>St. Clair College of Applied Arts and Technology<\/li>\n<li>St. Lawrence College \u2013 Kingston Campus<\/li>\n<\/ul>\n<\/li>\n<li>Universities\n<ul>\n<li>Algoma University College<\/li>\n<li>Brescia University College (Affiliated with the University of Western Ontario)<\/li>\n<li>Brock University<\/li>\n<li>Carleton University<\/li>\n<li>Coll\u00e8ge Dominicain de philosophie et de th\u00e9ologie<\/li>\n<li>Huron University College (Affiliated with the University of Western Ontario)<\/li>\n<li>King\u2019s University College at the University of Western Ontario<\/li>\n<li>Lakehead University<\/li>\n<li>Laurentian University of Sudbury\/Universit\u00e9 Laurentienne de Sudbury<\/li>\n<li>McMaster University<\/li>\n<li>Nipissing University<\/li>\n<li>Queen\u2019s University<\/li>\n<li>Redeemer University College<\/li>\n<li>Royal Military College of Canada<\/li>\n<li>Ryerson University<\/li>\n<li>Saint Paul University\/Universit\u00e9 Saint-Paul (Federated with the University of Ottawa)<\/li>\n<li>St. Jerome\u2019s University (Federated with the University of Waterloo)<\/li>\n<li>Trent University<\/li>\n<li>Universit\u00e9 d\u2019Ottawa\/University of Ottawa<\/li>\n<li>University of Guelph<\/li>\n<li>University of Ontario Institute of Technology<\/li>\n<li>University of St. Michael\u2019s College (Federated with the University of Toronto)<\/li>\n<li>University of Sudbury\/Universit\u00e9 de Sudbury<\/li>\n<li>University of Toronto<\/li>\n<li>University of Trinity College (federated with the University of Toronto)<\/li>\n<li>University of Waterloo<\/li>\n<li>University of Western Ontario<\/li>\n<li>University of Windsor<\/li>\n<li>Victoria University (Federated with the University of Toronto)<\/li>\n<li>Wilfrid Laurier University<\/li>\n<li>York University<\/li>\n<\/ul>\n<\/li>\n<\/ul>\n<\/li>\n<li>Other Canadian Colleges and Universities\n<ul>\n<li>Alberta \u2013 Colleges\n<ul>\n<li>Alberta College of Art and Design<\/li>\n<li>Bow Valley College<\/li>\n<li>Grande Prairie Regional College<\/li>\n<li>Grant MacEwan College<\/li>\n<li>Keyano College<\/li>\n<li>Lakeland College<\/li>\n<li>Lethbridge College<\/li>\n<li>Maskwachees Cultural College<\/li>\n<li>Medicine Hat College<\/li>\n<li>Mount Royal College<\/li>\n<li>Mount Royal College \u2013 City Centre Campus<\/li>\n<li>NAIT (Northern Alberta Institute of Technology)<\/li>\n<li>NorQuest College<\/li>\n<li>Northern Lakes College<\/li>\n<li>Olds College<\/li>\n<li>Portage College<\/li>\n<li>Red Deer College<\/li>\n<li>SAIT \u2013 Southern Alberta Institute of Technology<\/li>\n<\/ul>\n<\/li>\n<li>Alberta \u2013 Universities\n<ul>\n<li>Athabasca University<\/li>\n<li>Concordia University College of Alberta<\/li>\n<li>The King\u2019s University College<\/li>\n<li>University of Alberta<\/li>\n<li>University of Calgary<\/li>\n<li>University of Lethbridge<\/li>\n<\/ul>\n<\/li>\n<li>British Columbia \u2013 Colleges\n<ul>\n<li>British Columbia Institute of Technology<\/li>\n<li>Camosun College<\/li>\n<li>Capilano College<\/li>\n<li>College of New Caledonia<\/li>\n<li>College of the Rockies<\/li>\n<li>Columbia College<\/li>\n<li>Douglas College<\/li>\n<li>Justice Institute of British Columbia<\/li>\n<li>Langara College<\/li>\n<li>Nicola Valley Institute of Technology<\/li>\n<li>North Island College<\/li>\n<li>Northern Lights College<\/li>\n<li>Northwest Community College<\/li>\n<li>Okanagan College<\/li>\n<li>Selkirk College \u2013 Castelgar Campus<\/li>\n<li>Vancouver Community College<\/li>\n<\/ul>\n<\/li>\n<li>British Columbia \u2013 Universities\n<ul>\n<li>Emily Carr Institute of Art and Design<\/li>\n<li>Kwantlen University College<\/li>\n<li>Royal Roads University<\/li>\n<li>Simon Fraser University<\/li>\n<li>Thompson Rivers University<\/li>\n<li>University College of the Fraser Valley<\/li>\n<li>University of British Columbia<\/li>\n<li>University of British Columbia Okanagan<\/li>\n<li>University of Northern British Columbia<\/li>\n<li>University of Victoria<\/li>\n<li>Vancouver Island University<\/li>\n<\/ul>\n<\/li>\n<li>Manitoba \u2013 Colleges\n<ul>\n<li>Assiniboine Community College<\/li>\n<li>Red River College of Applied Arts, Science and Technology<\/li>\n<\/ul>\n<\/li>\n<li>Manitoba \u2013 Universities\n<ul>\n<li>Brandon University<\/li>\n<li>Coll\u00e8ge universitaire de Saint-Boniface (affili\u00e9 \u00e0 l\u2019Universit\u00e9 du Manitoba)<\/li>\n<li>Coll\u00e8ge universitaire de Saint-Boniface, \u00c9cole technique et professionnelle<\/li>\n<li>St. John\u2019s College<\/li>\n<li>St Paul\u2019s College (Affiliated with the University of Manitoba)<\/li>\n<li>University of Winnipeg<\/li>\n<li>University of Manitoba<\/li>\n<\/ul>\n<\/li>\n<li>New Brunswick \u2013 Colleges\n<ul>\n<li>Coll\u00e8ge communautaire du Nouveau-Brunswick \u2013 Bathurst<\/li>\n<li>Coll\u00e8ge communautaire du Nouveau-Brunswick \u2013 Campus de Cambellton<\/li>\n<li>Coll\u00e8ge communautaire du Nouveau-Brunswick \u2013 Campus de Dieppe<\/li>\n<li>Coll\u00e8ge communautaire du Nouveau-Brunswick \u2013 Edmundston<\/li>\n<li>New Brunswick Community College \u2013 Miramichi<\/li>\n<li>New Brunswick Community College \u2013 Moncton<\/li>\n<li>New Brunswick Community College \u2013 Saint John<\/li>\n<li>New Brunswick Community College \u2013 St. Andrews<\/li>\n<li>New Brunswick Community College \u2013 Woodstock Campus<\/li>\n<\/ul>\n<\/li>\n<li>New Brunswick \u2013 Universities\n<ul>\n<li>Mount Allison University<\/li>\n<li>St. Thomas University<\/li>\n<li>Universit\u00e9 de Moncton<\/li>\n<li>University of New Brunswick<\/li>\n<li>Newfoundland and Labrador \u2013 Colleges<\/li>\n<li>College of the North Atlantic<\/li>\n<\/ul>\n<\/li>\n<li>Newfoundland and Labrador \u2013 Universities\n<ul>\n<li>Memorial University of Newfoundland<\/li>\n<\/ul>\n<\/li>\n<li>Northwest Territories \u2013 Colleges\n<ul>\n<li>Aurora College<\/li>\n<\/ul>\n<\/li>\n<li>Nova Scotia \u2013 Colleges\n<ul>\n<li>Nova Scotia Community College<\/li>\n<\/ul>\n<\/li>\n<\/ul>\n<\/li>\n<li>Nova Scotia \u2013 Universities\n<ul>\n<li>Acadia University<\/li>\n<li>Atlantic School of Theology<\/li>\n<li>Cape Breton University<\/li>\n<li>Dalhousie University<\/li>\n<li>Mount Saint Vincent University<\/li>\n<li>Nova Scotia Agricultural College<\/li>\n<li>Nova Scotia College of Art and Design (NSCAD University)<\/li>\n<li>Saint Mary\u2019s University<\/li>\n<li>St. Francis Xavier University<\/li>\n<li>Universit\u00e9 Sainte-Anne<\/li>\n<li>University of King\u2019s College (Associated with Dalhousie University)<\/li>\n<\/ul>\n<\/li>\n<li>Nunavut \u2013 Colleges\n<ul>\n<li>Nunavut Arctic College<\/li>\n<\/ul>\n<\/li>\n<li>Prince Edward Island \u2013 Colleges\n<ul>\n<li>Holland College<\/li>\n<\/ul>\n<\/li>\n<li>Prince Edward Island \u2013 Universities\n<ul>\n<li>University of Prince Edward Island<\/li>\n<\/ul>\n<\/li>\n<li>Quebec \u2013 Colleges\n<ul>\n<li>C\u00e9gep Andr\u00e9-Laurendeau<\/li>\n<li>C\u00e9gep Beauce-Appalaches<\/li>\n<li>C\u00e9gep de Baie-Comeau<\/li>\n<li>C\u00e9gep de Drummondville<\/li>\n<li>C\u00e9gep de Granby Haute-Yamaska<\/li>\n<li>C\u00e9gep de l\u2019Abitibi-T\u00e9miscamingue<\/li>\n<li>C\u00e9gep de l\u2019Outaouais<\/li>\n<li>C\u00e9gep de la Gasp\u00e9sie et des \u00celes<\/li>\n<li>C\u00e9gep de la Pocati\u00e8re<\/li>\n<li>C\u00e9gep de L\u00e9vis-Lauzon<\/li>\n<li>C\u00e9gep de Rimouski<\/li>\n<li>C\u00e9gep de Rivi\u00e8re-du-Loup<\/li>\n<li>C\u00e9gep de Saint-Hyacinthe<\/li>\n<li>C\u00e9gep de Saint-J\u00e9r\u00f4me<\/li>\n<li>C\u00e9gep de Saint-Laurent<\/li>\n<li>C\u00e9gep de Sainte-Foy<\/li>\n<li>C\u00e9gep de Sept-\u00celes<\/li>\n<li>C\u00e9gep de Sherbrooke<\/li>\n<li>C\u00e9gep de Sorel-Tracy<\/li>\n<li>C\u00e9gep de Thetford<\/li>\n<li>C\u00e9gep de Trois-Rivi\u00e8res<\/li>\n<li>C\u00e9gep de Victoriaville<\/li>\n<li>C\u00e9gep du Vieux Montr\u00e9al<\/li>\n<li>C\u00e9gep Limoilou<\/li>\n<li>C\u00e9gep r\u00e9gional de Lanaudi\u00e8re<\/li>\n<li>C\u00e9gep Saint-Jean-sur-Richelieu<\/li>\n<li>C\u00e9gep Vanier<\/li>\n<li>C\u00e9gep@distance<\/li>\n<li>Coll\u00e8ge r\u00e9gional Champlain<\/li>\n<li>Coll\u00e8ge Ahuntsic<\/li>\n<li>Coll\u00e8ge de Bois-de-Boulogne<\/li>\n<li>Coll\u00e8ge de Maisonneuve<\/li>\n<li>Coll\u00e8ge de Matane<\/li>\n<li>Coll\u00e8ge de Rosemont<\/li>\n<li>Coll\u00e8ge de Valleyfield<\/li>\n<li>Coll\u00e8ge Fran\u00e7ois-Xavier-Garneau<\/li>\n<li>Coll\u00e8ge G\u00e9rald-Godin<\/li>\n<li>Coll\u00e8ge Lionel-Groulx<\/li>\n<li>Coll\u00e8ge Montmorency<\/li>\n<li>Coll\u00e8ge Shawinigan<\/li>\n<li>Coll\u00e8ge Dawson<\/li>\n<li>\u00c9cole nationale d\u2019a\u00e9rotechnique<\/li>\n<li>Coll\u00e8ge H\u00e9ritage<\/li>\n<li>Coll\u00e8ge John Abbott<\/li>\n<li>Service r\u00e9gional de l\u2019admission des c\u00e9geps du Saguenay-Lac St-Jean<\/li>\n<\/ul>\n<\/li>\n<li>Quebec \u2013 Universities\n<ul>\n<li>Bishop\u2019s University<\/li>\n<li>Concordia University<\/li>\n<li>\u00c9cole de technologie sup\u00e9rieure (Universit\u00e9 du Qu\u00e9bec)<\/li>\n<li>\u00c9cole nationale d\u2019administration publique (Universit\u00e9 du Qu\u00e9bec)<\/li>\n<li>\u00c9cole Polytechnique de Montr\u00e9al (affili\u00e9e \u00e0 l\u2019Universit\u00e9 du Montr\u00e9al)<\/li>\n<li>HEC Montr\u00e9al (affili\u00e9e \u00e0 l\u2019Universit\u00e9 du Montr\u00e9al)<\/li>\n<li>Institut national de la recherche scientifique (Universit\u00e9 du Qu\u00e9bec)<\/li>\n<li>McGill University<\/li>\n<li>T\u00e9l\u00e9-Universit\u00e9 (Universit\u00e9 du Qu\u00e9bec)<\/li>\n<li>Universit\u00e9 de Montr\u00e9al<\/li>\n<li>Universit\u00e9 de Sherbrooke<\/li>\n<li>Universit\u00e9 du Qu\u00e9bec<\/li>\n<li>Universit\u00e9 du Qu\u00e9bec \u00e0 Chicoutimi<\/li>\n<li>Universit\u00e9 du Qu\u00e9bec \u00e0 Montr\u00e9al<\/li>\n<li>Universit\u00e9 du Qu\u00e9bec \u00e0 Rimouski<\/li>\n<li>Universit\u00e9 du Qu\u00e9bec \u00e0 Trois Rivi\u00e8res<\/li>\n<li>Universit\u00e9 du Qu\u00e9bec en Abitibi-T\u00e9miscamingue<\/li>\n<li>Universit\u00e9 du Qu\u00e9bec en Outaouais<\/li>\n<li>Universit\u00e9 Laval<\/li>\n<\/ul>\n<\/li>\n<li>Saskatchewan \u2013 Colleges\n<ul>\n<li>Carlton Trail Regional College<\/li>\n<li>Cumberland Regional College<\/li>\n<li>Cypress Hills College<\/li>\n<li>North West Regional College<\/li>\n<li>Northlands College<\/li>\n<li>Parkland Regional College<\/li>\n<li>Prairie West College<\/li>\n<li>Saskatchewan Indian Institute of Technologies<\/li>\n<li>Saskatchewan Institute of Applied Science and Technology (SIAST)<\/li>\n<li>Southeast Regional College<\/li>\n<\/ul>\n<\/li>\n<li>Saskatchewan \u2013 Universities\n<ul>\n<li>Campion College (Federated with the University of Regina)<\/li>\n<li>First Nations University of Canada<\/li>\n<li>Luther College (Federated with the University of Regina)<\/li>\n<li>St. Thomas More College (Federated with the University of Saskatchewan)<\/li>\n<li>University of Regina<\/li>\n<li>University of Saskatchewan<\/li>\n<\/ul>\n<\/li>\n<li>Yukon \u2013 Colleges\n<ul>\n<li>Yukon College<\/li>\n<\/ul>\n<\/li>\n<\/ul>\n<\/li>\n<\/ul>\n<\/li>\n<\/ul>\n<\/div>\n<\/div>\n<\/div>\n<\/div>\n<\/div>\n<\/div>\n<\/div>\n<\/div>\n<\/div>\n<\/div>\n","protected":false},"excerpt":{"rendered":"<p>\u5b89\u5927\u7565\u7701\u7559\u5b66\u751f\u7c7b\u96c7\u4e3b\u63d0\u540d\u79fb\u6c11\u9879\u76ee\u5408\u683c\u5b66\u6821\u540d\u5355 Ontario Colleges and Universities Colleges Algonquin College Cambrian College Canadore College Centennial College Coll\u00e8ge Bor\u00e9al Conestoga College Institute of Technology and Advanced Learning Confederation College Durham College of Applied<\/p>\n","protected":false},"author":1,"featured_media":0,"parent":21121,"menu_order":0,"comment_status":"closed","ping_status":"closed","template":"","meta":{"footnotes":""},"class_list":["post-21131","page","type-page","status-publish","hentry"],"_links":{"self":[{"href":"http:\/\/desenic.com\/jiafa\/wp-json\/wp\/v2\/pages\/21131","targetHints":{"allow":["GET"]}}],"collection":[{"href":"http:\/\/desenic.com\/jiafa\/wp-json\/wp\/v2\/pages"}],"about":[{"href":"http:\/\/desenic.com\/jiafa\/wp-json\/wp\/v2\/types\/page"}],"author":[{"embeddable":true,"href":"http:\/\/desenic.com\/jiafa\/wp-json\/wp\/v2\/users\/1"}],"replies":[{"embeddable":true,"href":"http:\/\/desenic.com\/jiafa\/wp-json\/wp\/v2\/comments?post=21131"}],"version-history":[{"count":1,"href":"http:\/\/desenic.com\/jiafa\/wp-json\/wp\/v2\/pages\/21131\/revisions"}],"predecessor-version":[{"id":21132,"href":"http:\/\/desenic.com\/jiafa\/wp-json\/wp\/v2\/pages\/21131\/revisions\/21132"}],"up":[{"embeddable":true,"href":"http:\/\/desenic.com\/jiafa\/wp-json\/wp\/v2\/pages\/21121"}],"wp:attachment":[{"href":"http:\/\/desenic.com\/jiafa\/wp-json\/wp\/v2\/media?parent=21131"}],"curies":[{"name":"wp","href":"https:\/\/api.w.org\/{rel}","templated":true}]}}